{"id":730,"date":"2021-07-21T10:30:43","date_gmt":"2021-07-21T10:30:43","guid":{"rendered":"https:\/\/gennaridaneri.it\/?page_id=730"},"modified":"2025-01-20T09:59:57","modified_gmt":"2025-01-20T09:59:57","slug":"about-me-2","status":"publish","type":"page","link":"https:\/\/gennaridaneri.it\/?page_id=730","title":{"rendered":"About me"},"content":{"rendered":"<div class=\"wpb-content-wrapper\"><p>[vc_row][vc_column][vc_column_text css=&#8221;&#8221;] <img decoding=\"async\" class=\"size-full wp-image-1088 alignright lazyload\" data-src=\"https:\/\/gennaridaneri.it\/wp-content\/uploads\/2025\/01\/khalifa.jpg\" alt=\"\" width=\"320\" height=\"480\" data-srcset=\"https:\/\/gennaridaneri.it\/wp-content\/uploads\/2025\/01\/khalifa.jpg 320w, https:\/\/gennaridaneri.it\/wp-content\/uploads\/2025\/01\/khalifa-200x300.jpg 200w\" data-sizes=\"(max-width: 320px) 100vw, 320px\" src=\"data:image\/svg+xml;base64,PHN2ZyB3aWR0aD0iMSIgaGVpZ2h0PSIxIiB4bWxucz0iaHR0cDovL3d3dy53My5vcmcvMjAwMC9zdmciPjwvc3ZnPg==\" style=\"--smush-placeholder-width: 320px; --smush-placeholder-aspect-ratio: 320\/480;\" \/><\/p>\r\n\r\n<h3 class=\"wp-block-heading\">Classe 1965, fondatore, editore \u00a0e direttore della Rivista bimestrale \u201c<a href=\"https:\/\/web.archive.org\/web\/20201026190405\/https:\/\/pareti.it\/\"><strong>Pareti<\/strong><\/a>\u201c, Andrea Gennari Daneri ha rivoluzionato l\u2019editoria del settore Alpinismo \u2013 Arrampicata, vincendo anche un Premio Grignetta d\u2019oro per la Comunicazione.<\/h3>\r\n<p>\u00a0<\/p>\r\n\r\n<h3 class=\"wp-block-heading\">E\u2019 inoltre fondatore del\u00a0<strong>Pareti Sport Center<\/strong>\u00a0di Parma, la prima grande struttura dedicata all\u2019arrampicata e all\u2019alpinismo in Italia. E\u2019 istruttore d\u2019arrampicata \u00a0e Tracciatore Nazionale\u00a0<strong>FASI<\/strong>\u00a0e Istruttore d\u2019alpinismo del\u00a0<strong>CAI<\/strong><\/h3>\r\n<p>\u00a0<\/p>\r\n\r\n<h3 class=\"wp-block-heading\">Autore di diverse guide specializzate e del best seller \u201c<a href=\"https:\/\/web.archive.org\/web\/20201026190405\/https:\/\/gennaridaneri.it\/trek\/train\/\"><strong>Train<\/strong><\/a>\u201c, il libro di allenamento per l\u2019arrampicata pi\u00f9 venduto in Europa e di numerosissimi articoli tecnici relativi alla verticale.<\/h3>\r\n<p>\u00a0<\/p>\r\n\r\n<h3 class=\"wp-block-heading\">E\u2019 anche romanziere, e con la sua opera prima \u201c<a href=\"https:\/\/web.archive.org\/web\/20201026190405\/https:\/\/gennaridaneri.it\/trek\/mangart\/\"><strong>Mangart<\/strong><\/a>\u201c, oltre a tante lusinghiere recensioni, ha ottenuto il primo premio al concorso \u201cLeggimontagna\u201d 2012. Per sapere di pi\u00f9 sul premio potete cliccare\u00a0<a href=\"https:\/\/web.archive.org\/web\/20201026190405\/http:\/\/www.loscarpone.cai.it\/news\/items\/tutti-i-premiati-di-leggimontagna-2012.html\">qui<\/a>.<\/h3>\r\n<p>\u00a0<\/p>\r\n\r\n<h3 class=\"wp-block-heading\">Sul fronte sportivo \u00e8 uno dei pi\u00f9 longevi atleti verticali in attivit\u00e0: pi\u00f9 di trenta tra vie nuove e prime solitarie sull\u2019arco alpino, oltre 300 vie tra l\u20198a e l\u20198c percorse in stile rotpunkt e 67 tra 8a e 8a+ riusciti a vista.<\/h3>\r\n<p>\u00a0<\/p>\r\n\r\n<h3 class=\"wp-block-heading\">Allievo di Gianfranco Miglio, si \u00e8 laureato nel 1992 in\u00a0<strong>Scienze Politiche<\/strong>\u00a0all\u2019Universit\u00e0 del S.Cuore di Milano.<\/h3>\r\n<p>\u00a0<\/p>\r\n\r\n<h3 class=\"wp-block-heading\"><em>Born 1965,\u00a0Pareti Climbing Magazine\u00a0founder and chief editor , Andrea Gennari Daneri revolutionized Italian climbing publishing world, winning the 1st Grignetta d\u2019Oro award.<\/em><\/h3>\r\n<p>\u00a0<\/p>\r\n\r\n<h3 class=\"wp-block-heading\"><em>Founder of Pareti Sports Center, the first and wider climbing gym in Italy. As a writer, is the author of \u201cTrain\u201d, the European bestseller guidebook about training for climbing; \u00a0wrote and published many climbing guidebooks and articles about climbing and mountaineering world. As an athlete, he is still one of the best Italian climbers: more than 30 first ascents and solo climbs on the Alps; more than 200 rotpunkt sport routes from 8a to 8c, with 65 onsights from 8a to 8a+<\/em><\/h3>\r\n<p>\u00a0<\/p>\r\n\r\n<p>&nbsp;<\/p>\r\n<p>[\/vc_column_text][\/vc_column][\/vc_row]<\/p><\/div>","protected":false},"excerpt":{"rendered":"<p>[vc_row][vc_column][vc_column_text css=&#8221;&#8221;] Classe 1965, fondatore, editore \u00a0e direttore della Rivista bimestrale \u201cPareti\u201c, Andrea Gennari Daneri ha rivoluzionato l\u2019editoria del settore Alpinismo \u2013 Arrampicata, vincendo anche un Premio Grignetta d\u2019oro per la Comunicazione. \u00a0 E\u2019 inoltre fondatore del\u00a0Pareti Sport Center\u00a0di Parma, la prima grande struttura dedicata all\u2019arrampicata e all\u2019alpinismo in Italia. E\u2019 istruttore d\u2019arrampicata \u00a0e Tracciatore [&hellip;]<\/p>\n","protected":false},"author":1,"featured_media":0,"parent":0,"menu_order":0,"comment_status":"closed","ping_status":"closed","template":"","meta":{"footnotes":""},"class_list":["post-730","page","type-page","status-publish","hentry"],"_links":{"self":[{"href":"https:\/\/gennaridaneri.it\/index.php?rest_route=\/wp\/v2\/pages\/730","targetHints":{"allow":["GET"]}}],"collection":[{"href":"https:\/\/gennaridaneri.it\/index.php?rest_route=\/wp\/v2\/pages"}],"about":[{"href":"https:\/\/gennaridaneri.it\/index.php?rest_route=\/wp\/v2\/types\/page"}],"author":[{"embeddable":true,"href":"https:\/\/gennaridaneri.it\/index.php?rest_route=\/wp\/v2\/users\/1"}],"replies":[{"embeddable":true,"href":"https:\/\/gennaridaneri.it\/index.php?rest_route=%2Fwp%2Fv2%2Fcomments&post=730"}],"version-history":[{"count":8,"href":"https:\/\/gennaridaneri.it\/index.php?rest_route=\/wp\/v2\/pages\/730\/revisions"}],"predecessor-version":[{"id":1092,"href":"https:\/\/gennaridaneri.it\/index.php?rest_route=\/wp\/v2\/pages\/730\/revisions\/1092"}],"wp:attachment":[{"href":"https:\/\/gennaridaneri.it\/index.php?rest_route=%2Fwp%2Fv2%2Fmedia&parent=730"}],"curies":[{"name":"wp","href":"https:\/\/api.w.org\/{rel}","templated":true}]}}